vided by 63.
47
Let u be (1 + 3/(-4))*12. Suppose -u*y + 124 + 155 = 0. Calculate the remainder when y is divided by 11.
5
Let l be (-8 - -9) + 1 + 264. Let v = 372 - l. What is the remainder when v is divided by 11?
7
Let a(l) = 4*l**3 + 66*l**2 - 48*l + 27. What is the remainder when a(-17) is divided by 100?
65
Suppose -13*d - 86 - 928 = 0. Let r = -81 - d. Calculate the remainder when ((-154)/(-105)*r)/(2/(-30)) is divided by 23.
20
Suppose 0 = k - 20 - 60. Let l = 621 - k. Calculate the remainder when l is divided by 32.
29
Let u(t) = -t + t**2 - 2*t**3 + 2*t**2 - 8*t**2. Let b be u(-4). Suppose 0 = -9*s + 5*s + b. What is the remainder when 37 is divided by s?
11
Suppose 5*m + 25*x = 28*x + 613, -5*m + 5*x + 625 = 0. Suppose -31*q + 25*q + 324 = 0. What is the remainder when m is divided by q?
11
Let l(b) = -5*b**3 - 54*b**2 + 11*b + 38. What is the remainder when l(-11) is divided by 26?
12
Let q(n) = n**3 - 7*n**2 - 6*n + 5. Let z(g) = -3*g - 4. Let u be z(3). What is the remainder when (-4)/(-5)*(-2015)/u is divided by q(8)?
19
Let g(x) = 21*x**2 + 4*x + 6 - 9 - 1. What is the remainder when g(1) is divided by 14?
7
Calculate the remainder when 2098/7 + -8 + (-1160)/(-140) is divided by -1 + 0/1 + 103.
96
Suppose 2*m - 31 = 53. Let b(u) = -2*u**2 - 2*u + 96. What is the remainder when m is divided by b(-7)?
6
Let c = 127 - 79. Let l = -417 + 450. Suppose 3*f - c = l. What is the remainder when f is divided by 10?
7
Suppose 13318*b - 8800 = 13302*b. What is the remainder when b is divided by 177?
19
Let w be 7/(6*(-2)/(-60)). Let b = 36 - w. What is the remainder when 4 is divided by b?
0
Let q(g) = 30*g - 21. Let s be q(-14). What is the remainder when 56 is divided by (0 + 4/12)/((-7)/s)?
14
Suppose -g - 119 = -2*g. Suppose -5*a = -3*y + 228 - 41, 5*y = -3*a - g. Let c = -31 - a. What is the remainder when 11 is divided by c?
4
What is the remainder when 110 is divided by 2635/62 + -42 - (-198)/4?
10
What is the remainder when 445 is divided by -59*(-16 + 24)/(-4)?
91
Suppose t - 5*q - 21 - 23 = 0, -3*t + 32 = 5*q. Suppose t*y - 150 = 9*y. Calculate the remainder when (4/5)/(8/740) is divided by y.
14
Let q(a) = 40*a + 3. Let h be q(0). Suppose h*x + 6 = -0*x, 5*k - 193 = 4*x. Suppose -5*w + 114 = -241. Calculate the remainder when w is divided by k.
34
Let c be (1 - -41)*(-20)/(-30). Suppose 7*g = -0*g + c. Suppose -5*p + 4*y + 69 = 0, g*p - 80 = -y - 2*y. Calculate the remainder when p is divided by 7.
3
Suppose -16 = -9*j + 5*j. Suppose 2*m = 5*a - 55, 4*a + j*m - 5 = 11. What is the remainder when 68 is divided by a?
5
Let u = -375 + -64. Let s = -105 - u. What is the remainder when s is divided by 26?
22
Let i = 2519 - 2297. Calculate the remainder when i is divided by 42.
12
Let u(k) = k**2 - 4*k - 3. Let n = 84 + -8. Suppose -n = 5*t - 331. What is the remainder when t is divided by u(-3)?
15
Let l(m) = 3*m**2 + 130*m + 524. Calculate the remainder when 15857 is divided by l(-4).
49
Let i = 219 - 215. Suppose i*j - g - 92 = -4*g, -4*g + 56 = 2*j. Calculate the remainder when j is divided by 14.
6
Suppose 2*n + 5622 = 2*a, -5*n = a - 10*n - 2827. What is the remainder when a is divided by 281?
278
Suppose 3*k = -3*d + 684, 38*d - 224 = 37*d - 3*k. What is the remainder when d is divided by 49?
34
Let i(u) = u**3 + 6*u**2 - 6*u + 3. Let w(a) = 34*a - 5. Let s be w(1). Let j = 39 - s. Calculate the remainder when i(-6) is divided by j.
9
Calculate the remainder when 351 is divided by ((-3)/5)/(1/2)*(-65 - -55).
3
Suppose 3*u + 2*j + 26 = 6*u, -4*j - 42 = -5*u. Let k(r) = -3*r**2 + 31*r + 24. Calculate the remainder when k(u) is divided by 12.
10
Let a(x) = 36*x**2 + 20*x**3 - 19*x**2 + 5 - x - 13*x**2 - 1. Let p be a(4). What is the remainder when 71 is divided by p/72 - (1/(-3) + 1)?
17
Let q(f) be the second derivative of f**3/3 + 61*f**2/2 + 19*f. Let n be q(-27). Let o = 100 + n. What is the remainder when o is divided by 28?
23
Let h = 80 + -72. Suppose 0 = 2*i - 5*t + 2, 3*t + h = 4*i - t. What is the remainder when (-4472)/(-36) + i/(-18) is divided by 42?
40
What is the remainder when ((-2738003)/(-289) - (-2)/(-34)) + 3 is divided by 5?
2
Let s(d) = -d**3 - 26*d**2 + d - 76. What is the remainder when s(-27) is divided by 261?
104
Let q(z) = 68*z - 1028. Calculate the remainder when q(16) is divided by 28.
4
Suppose -13 = -14*p - 97. Let t be ((-26)/p)/((-5)/15). Calculate the remainder when 23 is divided by 3 - (3 + 1 + t).
11
Suppose 3 = v, -z = 3*z - v - 413. Suppose 0 = 2*a - 6*a - 5*n + z, 0 = 3*a + 3*n - 75. Calculate the remainder when a is divided by 12.
9
Let k = 435 - 236. Suppose 28 - k = -9*l. Calculate the remainder when 107 is divided by l.
12
Let c = -2395 - -2512. Let v = -114 - -165. Suppose -3*l + 4*i + 76 = -0*l, v = 2*l - 3*i. Calculate the remainder when c is divided by l.
21
Let q = 1509 + -1481. What is the remainder when 1816 is divided by q?
24
Let y = 4218 - 4188. Let v(k) = k**2 + 3*k + 2. Let s be v(-3). Suppose -227 = -d + 6*b - 3*b, -231 = -d + s*b. Calculate the remainder when d is divided by y.
29
Let n(o) = -o**3 + 9*o**2 - 9*o + 5. Let f be (-7 - -5)*14/(-4). Calculate the remainder when ((-308)/(-13))/((-184)/(-1196)) is divided by n(f).
34
Let m = 34 - 30. Suppose m*w = 159 + 253. What is the remainder when (2 + w)/3 + 0 is divided by 9?
8
Suppose -5*y - 2*z - 49 - 20 = 0, 2*z = 6. Let c = -11 - y. Let w(f) = 7*f**2 - 216*f - 217. Calculate the remainder when w(-1) is divided by c.
2
Suppose 403 = 33*q - 92. Calculate the remainder when 585 is divided by q.
0
Suppose -11*r = 3*n - 9*r - 83, -2*n - 3*r = -57. Calculate the remainder when 1361 is divided by n.
11
Let m = -4196 - -9725. Calculate the remainder when m is divided by 70.
69
Let i(s) = 71*s + 1519. What is the remainder when i(-16) is divided by 158?
67
Let h(z) = -2*z**3 - 4*z**2 + 7*z + 6. Let r(a) = -a**2 + 9*a + 13. Let q be 1 - 5*4/(-4). Calculate the remainder when h(-5) is divided by r(q).
28
Calculate the remainder when 537 is divided by 192 - 10*(-14)/(-28).
163
Suppose 6 = 3*a - 6. Let w = 818 + -727. What is the remainder when w is divided by 94/((9 - 1)/a)?
44
Let r = -513 - -516. Suppose 5*i = -r*g + 1912, -7*i - 2*g + 1908 = -2*i. What is the remainder when i is divided by 64?
60
Suppose -85 = -5*o - 5*v, -v - 23 = 220*o - 221*o. Calculate the remainder when 0 - 1 - (-840)/6 is divided by o.
19
Let o = 538 + -334. Suppose 5*u - o = -u. Suppose 16 = 3*k - 4*i - 10, 0 = -2*i - 4. What is the remainder when u is divided by k?
4
Suppose 0 = 2*u - 7*u + 2*l + 56, 3*u + 4*l - 18 = 0. Suppose 0 = -24*q + u*q + 154. What is the remainder when 43 is divided by q?
10
Suppose 4*m - 23510 = -5*w, 3*w = -m + 10783 + 3323. Calculate the remainder when w is divided by 224.
222
Suppose 78 = -3*i + 123. Suppose -16*c + 4 = -i*c. Calculate the remainder when 22 is divided by c.
2
Suppose -1369*r - 960 = -1377*r. Calculate the remainder when 622 is divided by r.
22
Suppose 4*u + w = 34, 5*u + 8*w + 52 - 135 = 0. What is the remainder when 7438 is divided by u?
4
Let l be (-766)/14 + (-2)/7. Let u = 86 + l. Suppose 2*o - 17 = -4*x + 39, 3*o = -4*x + 52. Calculate the remainder when u is divided by x.
15
Let n(m) = -m**3 + 13*m**2 + 2*m + 41. Calculate the remainder when n(10) is divided by 70.
11
Let o(q) = -72*q**2 + 3*q - 5*q + 71*q**2 - q + 5. What is the remainder when 44 is divided by o(0)?
4
Let q(a) = 5*a + 71. Let l be q(13). Suppose 6*i = 110 + l. Calculate the remainder when i is divided by 7.
6
Let w(v) = 10*v**3 + 20*v**2 - 3*v - 1. Calculate the remainder when w(6) is divided by 159.
158
Suppose -55*q + 20*q + 910 = 0. Suppose 0 = -9*v - 4*v + 65. Calculate the remainder when q is divided by v.
1
Suppose -5*d - 2*m + 8156 - 1156 = 0, -d - 5*m + 1423 = 0. Calculate the remainder when d is divided by 39.
33
Let t(s) = s**3 + 20*s**2 + 7*s - 21. Let a = -13 - -28. Let g = a - 34. Calculate the remainder when t(g) is divided by 52.
51
Suppose 39845 = 2*t + 36635. Calculate the remainder when t is divided by 10.
5
What is the remainder when 217 is divided by 59 - ((9 - 4) + -2)?
49
Suppose 23*d + 152 = 27*d. Suppose d = m + m. Calculate the remainder when 56 is divided by m.
18
Let x(u) = 23*u**2 - 590*u + 1185. Calcul